, 13, 271, 197779
List the prime factors of 117432345.
3, 5, 17, 229, 2011
What are the prime factors of 3967273110?
2, 3, 5, 431, 306827
List the prime factors of 61307683.
107, 572969
What are the prime factors of 1026899305?
5, 205379861
What are the prime factors of 843002247?
3, 29, 9689681
What are the prime factors of 2747596305?
3, 5, 683, 268189
What are the prime factors of 205699698?
2, 3, 11427761
List the prime factors of 696176726.
2, 7, 29, 71, 24151
What are the prime factors of 3564083194?
2, 7, 19, 739, 18131
What are the prime factors of 221505673?
131, 1690883
List the prime factors of 1258383870.
2, 3, 5, 19, 245299
What are the prime factors of 61368948?
2, 3, 568231
List the prime factors of 316768524.
2, 3, 4783, 5519
List the prime factors of 246034868.
2, 3923, 15679
What are the prime factors of 15286845?
3, 5, 7, 145589
What are the prime factors of 11054057?
7, 433, 521
List the prime factors of 5588233.
7, 798319
List the prime factors of 4236700.
2, 5, 13, 3259
What are the prime factors of 1114984182?
2, 3, 13, 19, 752351
List the prime factors of 668771848.
2, 5987, 13963
What are the prime factors of 28418997?
3, 37, 503, 509
List the prime factors of 891389041.
83, 10739627
What are the prime factors of 1461657327?
3, 13, 19, 59, 67, 499
List the prime factors of 64067016.
2, 3, 13, 17, 47, 257
List the prime factors of 29925712.
2, 17, 269, 409
What are the prime factors of 236359547?
41, 79, 72973
What are the prime factors of 203652350?
2, 5, 11, 17, 23, 947
What are the prime factors of 469510664?
2, 7, 8384119
What are the prime factors of 59654506?
2, 29827253
What are the prime factors of 613382893?
613382893
List the prime factors of 225807730.
2, 5, 22580773
List the prime factors of 3632613976.
2, 31, 2341, 6257
List the prime factors of 138865179.
3, 46288393
What are the prime factors of 121741369?
17, 23, 311359
List the prime factors of 30365753.
11, 97, 149, 191
What are the prime factors of 12201455?
5, 7, 89, 3917
List the prime factors of 510477800.
2, 5, 7, 364627
What are the prime factors of 113740896?
2, 3, 179, 6619
List the prime factors of 1790942.
2, 895471
What are the prime factors of 229971647?
61, 101, 163, 229
What are the prime factors of 303201748?
2, 75800437
List the prime factors of 409386554.
2, 17, 12040781
List the prime factors of 227098799.
53, 1327, 3229
What are the prime factors of 238410165?
3, 5, 7, 53, 42841
What are the prime factors of 4138005356?
2, 59, 17533921
List the prime factors of 441818447.
7, 9016703
List the prime factors of 20504278.
2, 17, 67, 9001
What are the prime factors of 187782720?
2, 3, 5, 43, 4549
What are the prime factors of 20592646?
2, 37, 278279
List the prime factors of 24446569.
7, 31, 112657
What are the prime factors of 91312415?
5, 23, 73, 149
List the prime factors of 250444932.
2, 3, 89, 234499
List the prime factors of 41639983.
7, 11, 540779
What are the prime factors of 274566?
2, 3, 67, 683
List the prime factors of 8610122.
2, 37, 307, 379
List the prime factors of 500431472.
2, 31276967
List the prime factors of 226340524.
2, 107, 528833
What are the prime factors of 53076077?
53076077
What are the prime factors of 3182936759?
4423, 719633
List the prime factors of 433547849.
7, 61935407
List the prime factors of 247953747.
3, 82651249
List the prime factors of 20636748.
2, 3, 11, 29, 599
List the prime factors of 84299049.
3, 43, 24203
What are the prime factors of 57884582?
2, 7, 590659
What are the prime factors of 3408121075?
5, 6373, 21391
List the prime factors of 373271287.
79, 4724953
What are the prime factors of 992764920?
2, 3, 5, 7, 631, 1873
What are the prime factors of 2272192948?
2, 568048237
List the prime factors of 530469477.
3, 647, 91099
What are the prime factors of 1361583495?
3, 5, 29, 409, 2551
List the prime factors of 54977949.
3, 13, 17, 131, 211
What are the prime factors of 2774252?
2, 13, 31, 1721
What are the prime factors of 7956426752?
2, 1942487
What are the prime factors of 497925150?
2, 3, 5, 79, 42019
List the prime factors of 5772507699.
3, 7, 274881319
What are the prime factors of 126217457?
211, 598187
What are the prime factors of 23738265?
3, 5, 58613
List the prime factors of 50426544.
2, 3, 7, 223, 673
What are the prime factors of 1079826559?
7, 103, 107, 13997
What are the prime factors of 151996347?
3, 2861, 5903
List the prime factors of 28421799.
3, 7, 179, 7561
List the prime factors of 1720535424.
2, 3, 19, 23, 10253
What are the prime factors of 89840258?
2, 3989, 11261
What are the prime factors of 1554846537?
3, 17, 71, 429397
What are the prime factors of 84001457?
84001457
List the prime factors of 470351259.
3, 7, 151, 16481
List the prime factors of 1492360221.
3, 11, 23, 1966219
What are the prime factors of 723340266?
2, 3, 11, 197, 55633
List the prime factors of 778154845.
5, 13, 2803, 4271
What are the prime factors of 48247157?
7, 61, 103, 1097
What are the prime factors of 24914632?
2, 3114329
What are the prime factors of 95951438?
2, 11, 4361429
List the prime factors of 648854989.
103, 619, 10177
What are the prime factors of 2206133151?
3, 735377717
List the prime factors of 397131211.
191, 619, 3359
What are the prime factors of 53545807?
7, 709, 10789
List the prime factors of 110953273.
67, 1656019
What are the prime factors of 308994314?
2, 353, 541, 809
What are the prime factors of 2941639422?
2, 3, 67, 7317511
List the prime factors of 316592443.
14029, 22567
List the prime factors of 35177078.
2, 17588539
List the prime factors of 826360766.
2, 7, 11, 193, 27803
List the prime factors of 1054409612.
2, 263602403
List the prime factors of 50334191.
107, 470413
What are the prime factors of 11877632?
2, 13, 43, 83
What are the prime factors of 435272?
2, 54409
List the prime factors of 1092018816.
2, 3, 7, 191, 709
What are the prime factors of 4747759?
41, 43, 2693
What are the prime factors of 102754047?
3, 11, 29, 43, 227
List the prime factors of 24750605.
5, 11, 450011
What are the prime factors of 542681471?
71, 1499, 5099
What are the prime factors of 1517357469?
3, 43, 1213, 9697
What are the prime factors of 4050187220?
2, 5, 4093, 49477
What are the prime factors of 3210429571?
79, 127, 433, 739
What are the prime factors of 32698004?
2, 17, 480853
List the prime factors of 615831136.
2, 1153, 16691
What are the prime factors of 1822469669?
37, 293, 168109
List the prime factors of 8439903961.
8439903961
What are the prime factors of 187333974?
2, 3, 10407443
List the prime factors of 204838479.
3, 71, 320561
What are the prime factors of 3371096896?
2, 52673389
List the prime factors of 63090138.
2, 3, 29, 12503
List the prime factors of 1348571356.
2, 11, 30649349
What are the prime factors of 4352174?
2, 2176087
What are the prime factors of 173832805?
5, 19, 167, 10957
What are the prime factors of 217932514?
2, 43, 47, 53917
List the prime factors of 5833005.
3, 5, 71, 5477
List the prime factors of 54296037.
3, 1933, 3121
What are the prime factors of 86281727?
7, 12325961
What are the prime factors of 2539784799?
3, 10429, 27059
What are the prime factors of 8571909165?
3, 5, 71, 809, 9949
List the prime factors of 3956154993.
3, 7, 31, 96461
List the prime factors of 22137347.
22137347
What are the prime factors of 198120521?
198120521
List the prime factors of 3340603498.
2, 353, 4731733
What are the prime factors of 899129852?
2, 224782463
List the prime factors of 459697561.
17, 101, 15749
List the prime factors of 58973827.
11, 487387
List the prime factors of 683961191.
683961191
List the prime factors of 46825451.
4567, 10253
List the prime factors of 5990846000.
2, 5, 43, 69661
What are the prime factors of 165451172?
2, 41362793
List the prime factors of 264462122.
2, 109, 1213129
What are the prime factors of 101537238?
2, 3, 11, 41, 157, 239
List the prime factors of 99149581.
19, 353, 14783
What are the prime factors of 78353684?
2, 19588421
What are the prime factors of 47339044?
2, 43, 275227
What are the prime factors of 2415677?
11, 219607
What are the prime factors of 30495272?
2, 3811909
What are the prime factors of 31478363?
7, 4496909
List the prime factors of 150196418.
2, 59, 1272851
What are the prime